7) to base 6.
23444
Convert -2676 (base 12) to base 2.
-1000100111010
32c (base 14) to base 11
521
Convert -1d03 (base 15) to base 3.
-22122110
What is 5587 (base 15) in base 5?
1040002
-11300 (base 4) to base 14
-1c4
Convert -7122 (base 9) to base 11.
-3a01
11120101 (base 3) to base 7
12466
Convert -9376 (base 10) to base 8.
-22240
What is -11210212 (base 3) in base 2?
-110110110010
What is 13311 (base 4) in base 9?
616
1410 (base 6) to base 11
303
acb (base 13) to base 12
10a9
Convert 24241 (base 5) to base 9.
2443
What is 18677 (base 15) in base 3?
11000111011
What is -131443 (base 5) in base 16?
-1480
Convert -75ad (base 15) to base 16.
-6151
1534 (base 8) to base 7
2336
What is 41c (base 13) in base 12?
4a5
Convert -2a24 (base 14) to base 2.
-1110100111000
-14217 (base 9) to base 16
-25b7
30463 (base 7) to base 2
1110100010100
Convert 110001011000 (base 2) to base 6.
22344
Convert 2ae (base 15) to base 12.
432
Convert 6362 (base 9) to base 10.
4673
Convert 144 (base 14) to base 10.
256
What is -6647 (base 14) in base 4?
-10110213
Convert -cc1 (base 13) to base 4.
-202021
What is 1217 (base 9) in base 11?
755
What is -8239 (base 10) in base 11?
-6210
Convert -8051 (base 9) to base 7.
-23065
Convert -3693 (base 15) to base 11.
-87a8
What is -32234 (base 5) in base 9?
-3007
Convert -4568 (base 13) to base 12.
-575b
-15930 (base 10) to base 13
-7335
What is -5807 (base 9) in base 5?
-114200
Convert -2485 (base 13) to base 9.
-7084
-85a (base 14) to base 10
-1648
Convert -2240102 (base 5) to base 12.
-1b1b7
Convert -16614 (base 7) to base 4.
-1022130
Convert -20001212 (base 3) to base 8.
-10510
Convert -4210 (base 5) to base 13.
-339
What is 345 (base 9) in base 13?
18b
Convert -7443 (base 10) to base 13.
-3507
What is 342525 (base 6) in base 2?
111000111010101
-5b2 (base 15) to base 4
-110030
What is 12211122 (base 3) in base 12?
2568
What is -11a33 (base 11) in base 3?
-212121201
What is -111110011 (base 2) in base 8?
-763
What is 1bd9 (base 14) in base 13?
2418
What is -1242131 (base 5) in base 12?
-12336
What is 354a (base 12) in base 9?
8154
What is -2220121200 (base 3) in base 14?
-16c5a
1000011001 (base 2) to base 7
1365
What is -3383 (base 10) in base 9?
-4568
-10211 (base 7) to base 12
-154b
842 (base 9) to base 4
22232
What is 32144 (base 7) in base 16?
1f22
Convert 444 (base 9) to base 6.
1404
Convert -2233 (base 6) to base 2.
-1000001101
What is 2421 (base 5) in base 12?
261
What is 204412 (base 5) in base 12?
3b75
Convert -12e (base 15) to base 5.
-2034
What is -1662 (base 13) in base 6?
-23123
-7041 (base 8) to base 12
-2115
What is -10212010 (base 3) in base 10?
-2811
What is -402022 (base 5) in base 13?
-5a69
What is 125063 (base 8) in base 11?
2a810
-cc8 (base 15) to base 7
-11264
What is 2012222 (base 3) in base 5?
22434
What is -133222 (base 4) in base 8?
-3752
Convert 1347 (base 10) to base 15.
5ec
What is 10011000 (base 2) in base 4?
2120
What is -169d (base 14) in base 16?
-fdb
Convert -5799 (base 12) to base 3.
-111101200
Convert 11cc (base 16) to base 14.
1936
-ca (base 13) to base 2
-10100110
507 (base 11) to base 4
21210
What is a32 (base 12) in base 5?
21403
-10010301 (base 4) to base 7
-66441
What is 3cdc (base 15) in base 11?
9878
Convert -a796 (base 13) to base 7.
-124601
20220120 (base 3) to base 15
175c
What is 15a12 (base 12) in base 9?
46255
What is -1123121 (base 4) in base 8?
-13331
Convert 1000022202 (base 3) to base 5.
1114134
Convert -800 (base 14) to base 12.
-aa8
Convert 66706 (base 8) to base 13.
ca39
Convert 8c (base 15) to base 9.
156
-7733 (base 15) to base 4
-12022200
What is 21b (base 12) in base 5?
2221
What is 2201122012 (base 3) in base 2?
1101000110110001
Convert -112 (base 13) to base 10.
-184
134105 (base 6) to base 3
122020112
What is 51 (base 6) in base 12?
27
What is 77356 (base 9) in base 7?
302430
Convert 21145 (base 6) to base 2.
101100111001
What is -144b (base 12) in base 4?
-210323
What is 10022 (base 4) in base 16?
10a
Convert -4a10 (base 11) to base 13.
-2c96
9512 (base 13) to base 14
773b
Convert -30303 (base 4) to base 7.
-2250
Convert -51243 (base 6) to base 8.
-15213
-35063 (base 7) to base 11
-6809
1631 (base 7) to base 15
2de
What is fa7 (base 16) in base 7?
14453
-1020 (base 6) to base 2
-11100100
-66305 (base 7) to base 14
-60ac
9a12 (base 11) to base 4
3032102
Convert -1212 (base 7) to base 9.
-550
1286a (base 11) to base 7
104330
185 (base 15) to base 11
299
10200201 (base 3) to base 5
41232
-a8a (base 12) to base 16
-60a
What is -356 (base 14) in base 13?
-3c1
What is -9c74 (base 15) in base 5?
-2030214
What is -1124 (base 6) in base 13?
-178
Convert -12203 (base 4) to base 8.
-643
What is -3314 (base 12) in base 5?
-140012
Convert 118 (base 15) to base 14.
13a
What is 3012 (base 6) in base 5?
10111
250 (base 9) to base 3
21200
Convert -3515 (base 7) to base 12.
-8b2
768 (base 14) to base 11
1111
What is 111110 (base 3) in base 5?
2423
Convert -46026 (base 9) to base 5.
-1440032
31101 (base 8) to base 11
9736
26241 (base 7) to base 3
100120210
What is -301 (base 8) in base 12?
-141
Convert 3034 (base 11) to base 12.
23ba
-1100110001 (base 2) to base 14
-425
30020 (base 4) to base 11
646
-1210012 (base 3) to base 13
-791
What is -341 (base 13) in base 3?
-202202
-3015 (base 6) to base 9
-812
2a110 (base 12) to base 4
32120130
What is 189 (base 13) in base 16?
11a
What is 7311 (base 10) in base 8?
16217
-d144 (base 15) to base 6
-540244
1000011100110 (base 2) to base 9
5836
-ab (base 16) to base 11
-146
Convert -226 (base 16) to base 2.
-1000100110
Convert -978 (base 11) to base 7.
-3265
What is 161a (base 14) in base 5?
111234
-fb (base 16) to base 6
-1055
What is 205 (base 10) in base 15?
da
What is 22255 (base 10) in base 13?
a18c
Convert -1665 (base 11) to base 3.
-2220211
Convert 444c (base 15) to base 8.
34210
32d (base 15) to base 4
23032
What is 5182 (base 15) in base 16?
4346
Convert 111111000011 (base 2) to base 15.
12e0
-10202012 (base 3) to base 6
-20352
What is -be (base 15) in base 16?
-b3
474 (base 8) to base 9
381
Convert -21331 (base 6) to base 3.
-11000201
What is -100001001101000 (base 2) in base 10?
-17000
Convert -100001000001 (base 2) to base 7.
-6106
-6527 (base 10) to base 16
-197f
What is -10051 (base 7) in base 12?
-14b1
Convert 1759 (base 11) to base 6.
14214
What is -c2 (base 15) in base 12?
-132
110010001110111 (base 2) to base 10
25719
-f981 (base 16) to base 14
-193c5
Convert 885a (base 16) to base 5.
2104111
201 (base 10) to base 4
3021
4755 (base 11) to base 7
24111
7253 (base 14) to base 13
8c54
What is 1a54 (base 11) in base 9?
3508
Convert 2964 (base 11) to base 3.
12020112
What is 190e (base 16) in base 12?
3866
What is -2113 (base 6) in base 12?
-339
-1110011010 (base 2) to base 16
-39a
Convert -7b9 (base 16) to base 10.
-1977
Convert 123322 (base 4) to base 14.
918
What is -116 (base 12) in base 9?
-200
15056 (base 10) to base 13
6b12
Convert 27a7 (base 13) to base 9.
7748
What is 27927 (base 11) in base 10?
39717
17 (base 14) to base 4
111
Convert -3b51 (base 13) to base 14.
-3164
Convert -1ac (base 15) to base 13.
-23a
Convert -100001100 (base 2) to base 12.
-1a4
Convert 432e (base 15) to base 5.
423334
Convert 55 (base 10) to base 14.
3d
What is 10000101100100110 (base 2) in base 5?
4142030
29a8 (base 12) to base 13
22b5
What is -59 (base 10) in base 4?
-323
What is 2120120210 (base 3) in base 7?
300615
What is -10021022100 (base 3) in base 4?
-33231321
What is 2a6e (base 16) in base 12?
6352
-325125 (base 6) to base 10
-27053
What is -11111 (base 2) in base 4?
-133
Convert 12023102 (base 4) to base 13.
b690
Convert 71 (base 12) to base 16.
55
What is 20985 (base 11) in base 15?
905e
Convert -1683 (base 9) to base 14.
-682
234331 (base 5) to base 11
6604
Convert -1101101100010 (base 2) to base 9.
-10548
-a4cc (base 14) to base 4
-12323310
What is 32a93 (base 12) in base 13?
24795
What is 98ac (base 16) in base 8?
114254
Convert 20211020 (base 3) to base 9.
6736
What is 1011503 (base 6) in base 12?
23b93
Convert -4525 (base 9) to base 3.
-11120212
What is 1b8 (base 14) in base 6?
1354
What is -1010111000000000 (base 2) in base 5?
-2411134
-2203101 (base 4) to base 5
-313244
What is -d31 (base 14) in base 2?
-101000011111
Conve